/(-28) + (-46)/8. Let t(v) = -2*v**2 + 3*v + 1. Let c be t(4). Let x = p - c. Calculate the greatest common factor of 132 and x.
12
Let r = 2789 + -2681. What is the highest common divisor of 891 and r?
27
Suppose 4*v + 5*l - 1180 + 134 = 0, 2*l = -5*v + 1316. What is the highest common factor of v and 108?
12
Suppose -5*a - 3 = -43. Let b be (13 + -1)*((-4)/a + 1). What is the greatest common divisor of b and 36?
6
Suppose 136 + 54 = 5*w - 5*n, -w + 53 = -4*n. Let b = -2 + 1. Let d be b + -4*(-2 - 1). What is the highest common factor of w and d?
11
Let q be (15/(-9) - (-492)/36)/2. Let a = 27 + -12. What is the greatest common factor of a and q?
3
Let t(b) = -b**2 + 18*b + 44. Let a be t(19). Suppose 0 = x + a - 31. What is the greatest common factor of 27 and x?
3
Suppose 28*s = 39*s - 132. What is the highest common factor of s and 2928?
12
Let a(i) = 30*i - 88. Let l be a(3). Let d(r) = 0*r - 2 + r + 6*r. Let s be d(l). What is the highest common factor of 120 and s?
12
Suppose 19*s - 6 = 16*s - 5*t, 3*s - 4*t - 33 = 0. What is the greatest common divisor of s and 175?
7
Suppose 4*b - 2 = 6. Suppose -b*p - 7*j = -3*j - 112, -3*p + 174 = 3*j. Let q(m) = -5*m. Let a be q(-3). What is the highest common factor of p and a?
15
Let m(y) = -138*y + 445. Let c be m(2). Suppose 21 - 8 = s. Calculate the greatest common factor of c and s.
13
Let i = -563 + 1023. Calculate the highest common divisor of 20 and i.
20
Suppose -t - 5*l = -9, 5*t + 4*l - l = -65. Let w be (24 - 3)/((-2)/t). Suppose -y - 3*y + w = 0. Calculate the greatest common factor of y and 105.
21
Suppose -g + 17 = -1. What is the greatest common factor of 6 and g?
6
Let v be (735/(-63))/(1/(-6)). What is the highest common divisor of v and 30?
10
Let n = -27 + 28. Let y be (-6 + 5)/n + 5 + 1. What is the greatest common factor of 20 and y?
5
Let p(x) = -12*x + 5. Suppose 4 - 46 = 7*n. Let u be p(n). What is the highest common factor of u and 7?
7
Let i = -9 + -17. Let w be 1/(-4) - i/8. Let m be -3 + w/((-6)/(-8)). Calculate the highest common divisor of m and 8.
1
Let g be -3*((-20)/15)/4. Suppose -2*d = g - 3. Suppose 2*j - 5*k = 40, 6*k - k = -j - 10. What is the highest common divisor of d and j?
1
Let c(q) = q**2 + 15*q + 5. Let k be c(-15). Suppose -34 = k*a - 94. Calculate the highest common factor of 18 and a.
6
Let b(o) = -o**2 + 3*o + 1. Let k be b(2). Suppose k*w - 5*w + 76 = 3*i, 3*w = 3*i - 51. Calculate the highest common factor of i and 33.
11
Let m = -82 - -118. What is the greatest common factor of m and 20?
4
Suppose -4*z - z - 205 = -2*v, -2*z - 434 = -4*v. What is the greatest common factor of v and 44?
22
Suppose -3*q + 7*q = 1680. Calculate the greatest common divisor of q and 7.
7
Suppose 0 = 3*v + 2*n - 208, -7*v - 2*n + 280 = -3*v. Calculate the highest common factor of 198 and v.
18
Let s = -51 - -53. Let k be ((-12)/8*-3)/(1/s). What is the greatest common factor of k and 1?
1
Suppose -3*x + 10 + 5 = 0. Suppose -36 = -4*t + 3*y, 2*y + y = -x*t + 18. What is the greatest common factor of t and 4?
2
Let t be 64/(-352) + 827/11. What is the highest common factor of 120 and t?
15
Let j(m) = 20*m**3 - m**2 + 2*m - 1. Let l be j(1). Let h = 182 + -73. Let c = h + -59. What is the greatest common divisor of l and c?
10
Let q be (-6 + 0)*(-1)/3. Let x = -421 - -423. Calculate the highest common divisor of q and x.
2
Suppose -1967 = -5*q + 1413. What is the greatest common divisor of q and 52?
52
Let k = -83 + 88. Suppose -1038 = -3*n - 3*i, -k*i = 2*n - n - 362. Calculate the greatest common divisor of n and 38.
38
Suppose 2*w + l - 160 = -2, -3*l + 12 = 0. Let o(p) = 1 + 1 - 5 + w*p + 2. Let m be o(1). What is the highest common factor of 19 and m?
19
Let v(l) = l**3 - 7*l**2 - 10*l - 7. Let a be v(8). Let r = a + 26. What is the highest common factor of 15 and r?
3
Let b = 33 - 21. Let r(u) = -u**3 - 14*u**2 + 39*u + 148. Let x be r(-16). Calculate the greatest common factor of b and x.
12
Let a = -36 + 60. Let i = 14 - 25. Let n = 17 + i. Calculate the highest common divisor of n and a.
6
Suppose 36*u - 38*u + 14 = 0. Let g be (-61)/(-4) - (-18)/24. Let c = g + 5. What is the highest common divisor of u and c?
7
Let a be ((-3)/(-2))/((-6)/(-8)). Suppose a*m + 2*d = -6, m - 3*d - 5 = -8*d. Let j be m + 0 + 2 + 13. What is the greatest common factor of j and 20?
10
Suppose -7*q + 80 = 3*q. Suppose 4 = -6*s + q*s. Let w be 84/3*(-2)/(-4). What is the greatest common factor of s and w?
2
Let q be -12*1/(20/(-8))*5. What is the greatest common divisor of 276 and q?
12
Let p be (-794)/(-12)*3 + 4/(-8). Calculate the highest common divisor of 22 and p.
22
Let g(k) = 2*k + 3. Let r be g(-6). Let w be (-4)/16 + r/(-4). Suppose -2*u = -3*c + 42, -c = w*u - 5 - 9. What is the highest common divisor of 70 and c?
14
Suppose -5*i = -d - 62 - 77, -155 = -5*i + 5*d. Let m(h) = 5*h + 4*h + 3*h + 5 + 3*h**2 - 8*h. Let f be m(-2). What is the greatest common divisor of i and f?
9
Let y = -570 + 580. What is the highest common divisor of y and 32?
2
Let z(r) = -6*r + 9. Let b be z(-6). Suppose 0 = 2*w - 5*w + b. Let f = 116 + -11. Calculate the highest common divisor of w and f.
15
Suppose 836 = 5*o - 2*v, -848 = -5*o + v - 5*v. Let y = o + -118. What is the highest common factor of 20 and y?
10
Let g = -119 + 151. What is the highest common divisor of g and 416?
32
Let w(p) be the third derivative of -p**6/120 + 2*p**5/15 + 7*p**4/24 - 16*p**3/3 + 4*p**2 + 7*p. Let c be w(8). What is the highest common factor of c and 168?
24
Let r = 557 + -536. What is the highest common divisor of 21 and r?
21
Suppose 8*t = 1084 + 1908. Calculate the highest common divisor of 34 and t.
34
Suppose 0 = -6*j + 4*j + 168. Let p(q) = q - 13. Let b be p(20). Calculate the greatest common divisor of j and b.
7
Suppose k - 20 = -3*k. Let y(j) = -3*j - 6. Suppose 3 = -2*s - 11. Let g be y(s). Calculate the greatest common factor of k and g.
5
Let m(x) = -4*x + 41. Let g be m(2). What is the greatest common divisor of 143 and g?
11
Suppose r - 16 + 6 = 0. Suppose -87 = -8*h - 47. Calculate the greatest common divisor of h and r.
5
Let s = 38 - 35. Let v be s/(-12) - (-122)/8. Calculate the highest common divisor of v and 135.
15
Let p be -2*(-3)/(-6) + 31. Let x be (-284)/(-11) + p/165. Calculate the highest common factor of 13 and x.
13
Suppose -h - 5*f - 23 = 0, 5*f + 127 = 97. Let o = -10 - -17. Calculate the greatest common divisor of h and o.
7
Let p(l) = -l**2 - 44*l - 163. Let x be p(-39). What is the highest common factor of 112 and x?
16
Let a be 6/(-8) + (-33)/(-12) - -32. What is the greatest common factor of 782 and a?
34
Let y be 7/(-3)*24/(-8). Suppose y*h = h + 24. Calculate the greatest common divisor of h and 28.
4
Let d = 357 + -353. What is the highest common divisor of 17 and d?
1
Suppose 5*j = 5*i + 390, 3*j + 570 = -5*i + 172. Let v = 80 + i. What is the greatest common factor of v and 8?
1
Suppose -p = 4*p. Suppose -4*c + 141 + 19 = p. What is the highest common divisor of c and 100?
20
Suppose -2*f + 4*t = -3*f + 188, -786 = -4*f + t. Let z be 12/(-8) - (-177)/6. Calculate the greatest common factor of f and z.
28
Suppose -5 = -5*u + 20. Suppose -p + u*p - 320 = 0. Suppose 8*q - 3*q = p. Calculate the highest common factor of 24 and q.
8
Let b be (0*(-4)/(-16))/(-2). Suppose b = -5*c + 257 - 87. Suppose 3*l - 32 = c. Calculate the greatest common factor of 11 and l.
11
Let b = 362 - 323. What is the highest common divisor of 13 and b?
13
Suppose 0 = 165*z - 107*z - 7830. Let o(u) = 11*u + 1. Let a be o(4). What is the highest common factor of z and a?
45
Suppose -x = -6*x + 30. Suppose -4*w + x = q + 2, 5*q + 1 = w. Let n be -1 + w + 26 + 2. What is the highest common divisor of 14 and n?
14
Suppose -130 = -4*o - 5*g - 0*g, -g + 62 = 2*o. What is the greatest common factor of o and 6?
6
Let k(f) = -f**2 + 11*f - 2. Let j be k(11). Let b = 4 - j. What is the highest common divisor of b and 42?
6
Let g = 81 - 73. What is the highest common divisor of g and 88?
8
Suppose 4*k - 2*c - 2*c = 4, 4*k = -2*c + 16. Suppose k*f + 44 = 7*f. Let o = f - 7. Calculate the highest common factor of o and 32.
4
Let z = 730 - 707. Let a be (-4)/(-2)*92/8. Calculate the greatest common factor o